ands digit of (-5)/40*-6546*12/s?
1
Let z = 10049 - 5376. What is the tens digit of z?
7
Let z be 260/(-13)*(-4)/5. Let n be -1 - (-8)/(-6) - z/24. What is the units digit of (45/n)/(1/(-12))?
0
Let p be (-40)/(-100) + 2596/10. Suppose -191 = -3*y - g, -p = -4*y + 2*g + 2*g. What is the units digit of y?
4
Let z(v) be the second derivative of -v**3/6 - 5*v**2/2 + 5*v. Let h be z(-7). Suppose 6*l - h*l = 208. What is the units digit of l?
2
Let u = -77 + 78. Suppose -k - u = -1. Suppose k = a - 58 - 78. What is the units digit of a?
6
What is the hundreds digit of (-3277)/(-1) + (156 - 162)?
2
Let v = 22106 + 26069. What is the ten thousands digit of v?
4
Let s = -1145 - -3228. What is the tens digit of s?
8
Suppose 12*h - 65*h + 179352 = 0. What is the hundreds digit of h?
3
Let h = -10472 + 15313. What is the thousands digit of h?
4
Suppose -304262 = -65*f - 60887 + 2269395. What is the units digit of f?
8
Let f(z) = -662*z + 128. Let g be f(-8). Suppose 0 = -16*p + 8*p + g. What is the tens digit of p?
7
What is the tens digit of (-8)/(-40) + (-19242)/(-15)?
8
Let s(f) = 13*f - 4. Let q(i) = -2*i**2 + 11*i + 7. Let m be q(6). Let b be (-9)/11 + m - 344/(-44). What is the tens digit of s(b)?
0
Suppose -5*d + 2306 = -2*k, 29 = 5*d + 3*k - 2262. Suppose -9*j + d = 73. What is the tens digit of j?
4
Let c be (-954)/(-27) - 5 - (-2)/3. Suppose -14*o + 72585 = c*o. What is the thousands digit of o?
1
Let f = 41 + -33. Let p be 0*(4/f + 0). Suppose 3*o + 25 - 178 = p. What is the tens digit of o?
5
Let t(x) = 268*x**2 - 8*x - 12. What is the ten thousands digit of t(-8)?
1
Let p(v) = -v**3 - 10*v**2 - 8*v - 7. Suppose 3*d = 12*d + 90. What is the units digit of p(d)?
3
Let d = 18 - 10. Suppose -768 = d*v - 5*v. Let o = -104 - v. What is the units digit of o?
2
Suppose 2*l = 3*k + 9, k + 4 - 1 = -2*l. Suppose -5*i + 219 = -h - 2*h, -3*h - 9 = l. What is the tens digit of i?
4
Suppose 7*b = 15*b - 48. Let a = -60 + 117. Suppose a = b*q - 81. What is the tens digit of q?
2
Let f(n) = 5*n + 22. Let i be f(-3). Let c(z) = 2*z**2 - 3*z - 21. What is the units digit of c(i)?
6
Let u be 6/4 + 8 + (-135)/18. Let x(g) = 21*g**u + 5*g**2 - 6*g - 9*g + 7 + 9*g. What is the tens digit of x(3)?
2
Suppose -33*m + 310113 = -193698. What is the units digit of m?
7
Let z(r) = 35*r**2 + 4. Let l be z(-3). Let c = 247 + l. What is the tens digit of c?
6
Suppose -3*v - 14*a = -16*a - 4197, 2798 = 2*v + a. Let l = v + -570. What is the hundreds digit of l?
8
What is the ten thousands digit of -1675*(5/2)/5*-14?
1
Let w(p) = 14*p**2 + p + 2. Let m = 3 + -1. Let r = m + -4. What is the tens digit of w(r)?
5
Let w(z) be the first derivative of -z**4/4 + 17*z**3/3 - 31*z**2/2 + 19*z + 42. Let v be w(15). Suppose -v*u = 4*u - 1440. What is the units digit of u?
0
What is the thousands digit of 17819 - 77/22*2?
7
Let v be 2/(-10) + (-1963)/(-65). Let b = v + -28. What is the units digit of (-7)/(21/(-270)) + b?
2
What is the hundreds digit of (56620/(-1043))/(2/(-511))?
8
Suppose 4 = -3*a + a, 30 = 2*c - 3*a. Suppose g + 4*x - c = 8, -g - x + 5 = 0. Suppose 4 = -s, -b + g*s + s + 153 = 0. What is the units digit of b?
9
Let s(n) = 15*n - 18*n + 47 + 11 - n + 17*n**2. What is the hundreds digit of s(-7)?
9
Let l(a) = -2*a**3 - 24*a**2 - 2*a + 22. What is the tens digit of l(-14)?
3
Suppose -5*y = 5*l - 8*l - 1926, 0 = 3*y - 5*l - 1146. Let r = -198 + y. Suppose -4*i = -5*d - 42 - r, d + 235 = 4*i. What is the tens digit of i?
5
Let n be (46/6)/((-1132)/162 + 7). Let i = n + -279. What is the hundreds digit of i?
3
Let a = -39 - -41. Suppose -846 = -a*u - 36. What is the units digit of u?
5
What is the tens digit of (3 - 2)*2 - (-1 - (0 + 7786))?
8
Suppose 5*k + 2*p = 975, k - 217 = -p + 5*p. Suppose l = k + 48. Let t = l - 169. What is the units digit of t?
6
Suppose 0 = 2*h - 3*v - 5 + 7, 2*h - 10 = -3*v. Suppose -13 = -q + h*k, -2*q - k + 45 = -1. What is the tens digit of q?
2
Suppose -5*s = -5*d - 6*s + 206, -22 = -d - 5*s. Let k = d + 76. What is the hundreds digit of k?
1
Suppose 152*u = 162*u - 35740. What is the thousands digit of u?
3
Suppose 21*d - 88031 - 809173 = 0. What is the units digit of d?
4
Let v(t) = -t**2 + 77*t + 4593. What is the units digit of v(0)?
3
Suppose 7*p = 3*p + 1176. Let z = p - 140. What is the tens digit of z?
5
Let s(a) = 18*a**2 - 11*a - 10. Let i be s(-1). What is the hundreds digit of (43 + -1)*(-3)/(-6)*i?
3
Let n = 243 - 241. Suppose l + 2673 = 3*i, 2*i - n*l = 1512 + 270. What is the tens digit of i?
9
Suppose 0 = -k - 58 + 53. Let m be (612*-1)/(-6) + 1 + k. Suppose -m = -12*p + 70. What is the tens digit of p?
1
Let d = -188 - -315. Suppose -49 = u - d. Suppose -6*p + u = -132. What is the tens digit of p?
3
Let l(o) = -14 - 7 + 13*o - 13*o + 4*o. Let p be l(5). Let z(d) = -48*d + 4. What is the units digit of z(p)?
2
Suppose 3*r = 5*n + 63, -7*r + 101 = -3*r - n. Suppose 28*g - r*g - 276 = 0. What is the units digit of g?
8
Suppose 0 = 3*y + 131 - 140. Suppose -s = -4*c - 111 - 378, -1392 = -y*s - 3*c. Let o = s + -209. What is the units digit of o?
0
Suppose 2*k = -h + 3, 0 = -4*k - h - 1 + 12. Suppose 1293 = k*t - 3*a, 14*t + 4*a = 11*t + 1001. What is the units digit of t?
7
Suppose -5*z - 5*i - 5 = -0, i - 3 = -2*z. Suppose w + 2*m = 397, z*w - 4*m = 610 + 990. What is the hundreds digit of w?
3
Suppose 5*d = 19 + 6. Suppose 55*q = 108*q - 53. Suppose g = -q, -5*u - 4*g + 351 = -d*g. What is the tens digit of u?
7
Suppose 50471 = -3*h + 4*h + 2*q, 3*h = -2*q + 151425. What is the units digit of h?
7
Let r be (7 + 0 + 3 - 2) + -4. Suppose -2*i + 813 = -5*z, z + 1617 = -0*i + r*i. What is the hundreds digit of i?
4
Let t be (-20350)/35 + (9/(-7))/(-3). Let h = t + 743. What is the tens digit of h?
6
What is the tens digit of 413700/60 + ((-8)/(-12)*15 - 3)?
0
Let y be 1 + (2 - 23) - (7 - 3). What is the hundreds digit of 687/4 + ((-66)/y)/11?
1
Let k(s) = s**2 - 10*s - 8. Let z be k(12). Let u = z + -26. Let h(q) = -17*q - 30. What is the units digit of h(u)?
0
What is the thousands digit of ((-539)/(-2))/(-36*(-26)/24336)?
7
Suppose 21 = 4*o - 2*c + 3, 4*o + 5*c = -3. Suppose v = o*r - 543, r - 181 = v - 3*v. What is the units digit of r?
1
Suppose -22*z + 17 = -5*z. What is the tens digit of (z - (-6 - -1))*140/10?
8
Suppose 5*o + 4*n = -2302, -136*o + 135*o + 5*n = 443. Let h = 579 + o. What is the units digit of h?
1
Suppose 252 = -3*n - 45. Let k be (-33 + 33 - 2/(-3))*210. Let p = k + n. What is the tens digit of p?
4
Suppose -15 = 6*y - 27. Suppose -f + y*q = -11, f + f - q = 28. What is the tens digit of f?
1
Suppose -28*h - 30 = -43*h. Suppose 1447 = -25*x + 28*x + 5*f, h*x - 4*f - 994 = 0. What is the hundreds digit of x?
4
Let s(l) = -519*l**3 + 6*l**2 + 8*l + 1. What is the ten thousands digit of s(-3)?
1
Suppose 67*v + 265952 - 1383186 = 302295. What is the ten thousands digit of v?
2
Let s = 156 + -151. Let k be ((-39)/91 - (-36)/(-14)) + s. What is the units digit of -2*(-127)/2 - -2*k?
1
Let g = -189 + 193. Suppose 5*p + 10 = 0, 0*h - p = -g*h + 2458. What is the tens digit of h?
1
Let v(r) = -4*r - 21. Let t be v(-6). Suppose 3*o = w + 5, -1 = -5*o - t*w - 2. What is the tens digit of 29 + (1 - o) + 2?
3
Let a(r) = -6084*r**3 + 3*r**2 + 6*r + 3. What is the hundreds digit of a(-1)?
0
Let o(b) be the second derivative of -2*b**3 + 9*b**2 + 2*b + 7. What is the hundreds digit of o(-20)?
2
Let p = 41 - 36. Suppose 3*k - g = -5*g + 187, -66 = -k - p*g. Let b = k + -47. What is the tens digit of b?
1
Let x be (2352/(-72))/((-4)/(-150)). Let l = -420 - x. What is the units digit of l?
5
Suppose 5*u = 5*v - 50, -3*v + u + 24 = -4*u. Suppose -23 - v = -3*w. Let g = w + 188. What is the hundreds digit of g?
2
Let g be -2*-5*204/(-40). Let c(k) = k**2 + 35*k - 168. What is the tens digit of c(g)?
4
Let c(d) = d**3 - 6*d + 4. Let g(s) = -3*s**3 + s**2 + 17*s - 11. Let y(f) = -17*c(f) - 6*g(f). Let z = -19 - -26. What is the tens digit of y(z)?
4
Let u be (-2)/(-6) + 182/39. Suppose -5*s - u*w = -6470, -2*s + 3647 - 1055 = w. What is the hundreds digit of s?
2
Suppose -15 = 5*h + 2*j - 4*j, -4*h = 5*j - 21. What is the tens digit of (-22825)/(-33) + h/(-3)?
9
Suppose -3*q + 479 = x, 0*x - 3*x = -2*q + 323. What is the t